{"id":379,"date":"2015-01-04T17:54:08","date_gmt":"2015-01-04T16:54:08","guid":{"rendered":"https:\/\/seoceuta.es\/wordpress\/grupo-anillamiento-chagra\/"},"modified":"2025-02-14T08:32:27","modified_gmt":"2025-02-14T07:32:27","slug":"grupo-anillamiento-chagra","status":"publish","type":"page","link":"https:\/\/www.seoceuta.es\/wordpress\/grupo-anillamiento-chagra\/","title":{"rendered":"Grupo de anillamiento Chagra"},"content":{"rendered":"<p class=\"rtejustify\"><span style=\"color: #000000;\"><span style=\"font-family: arial,helvetica,sans-serif; font-size: 14px;\"><img fetchpriority=\"high\" decoding=\"async\" class=\" size-full wp-image-366\" style=\"border-style: solid; border-width: 0px; float: left; height: 247px; margin: 5px; width: 250px;\" src=\"https:\/\/seoceuta.es\/wordpress\/wp-content\/uploads\/2015\/01\/IMG-20240212-WA0006.png\" alt=\"\" width=\"911\" height=\"901\" srcset=\"https:\/\/www.seoceuta.es\/wordpress\/wp-content\/uploads\/2015\/01\/IMG-20240212-WA0006.png 911w, https:\/\/www.seoceuta.es\/wordpress\/wp-content\/uploads\/2015\/01\/IMG-20240212-WA0006-300x297.png 300w, https:\/\/www.seoceuta.es\/wordpress\/wp-content\/uploads\/2015\/01\/IMG-20240212-WA0006-768x760.png 768w\" sizes=\"(max-width: 911px) 100vw, 911px\" \/><\/span><\/span>En el a\u00f1o 1993, tres veteranos anilladores se separan del Grupo de anillamiento Carduelis y deciden formar un nuevo grupo de anillamiento. El primer reto con el que se encuentran es elegir un nombre para el reci\u00e9n creado grupo; se pens\u00f3 que deb\u00eda ser el de una de las aves de distribuci\u00f3n norteafricana, que representara a la avifauna de la orilla sur del Estrecho, eligi\u00e9ndose por com\u00fan acuerdo el de\u00a0\u00abCHAGRA\u00bb.<\/p>\n<p>La elecci\u00f3n de este ave, de la familia de los alcaudones, fue motivada por su escasez poblacional y dificultosa observaci\u00f3n, por lo que, de alguna manera, hab\u00eda que darlo a conocer y proteger. A continuaci\u00f3n se eligi\u00f3 al primer y actual coordinador del grupo Jos\u00e9 Navarrete P\u00e9rez y que junto con Antonio Jos\u00e9 Cambelo Jim\u00e9nez y Jos\u00e9 Jim\u00e9nez Mart\u00ednez fueron los pioneros.<\/p>\n<p>Posteriormente se fueron incorporando nuevos miembros al grupo: Guillermo Accino Galv\u00e1n, Manuel Vicente Rodr\u00edguez R\u00edos y Jos\u00e9 Pe\u00f1a Rios, que forman la actual plantilla del grupo, junto con otros anilladores en formaci\u00f3n que esperemos que en breve plazo pasen a engrosar sus filas (Tom\u00e1s Pe\u00f1a Espinosa, Miguel \u00c1ngel Guirado Cajal y Francisco Javier Gaona Mena). Recientemente, Miguel A. Guirado Cajal y Joaqu\u00edn L\u00f3pez Rodr\u00edguez han accedido a la categor\u00eda de\u00a0anilladores espec\u00edficos para el proyecto de marcaje con anillas de pvc de la especie de Gaviota patiamarilla (Larus michaellis cachinans).<\/p>\n<p>A continuaci\u00f3n se muestran los resultados de los \u00faltimos a\u00f1os de anillamientos en Ceuta:<\/p>\n<table border=\"1\" cellspacing=\"1\" cellpadding=\"1\" align=\"center\">\n<tbody>\n<tr>\n<td><a href=\"https:\/\/seoceuta.es\/wordpress\/wp-content\/uploads\/2015\/01\/RA1_especiesanilladas.pdf\" target=\"_blank\" rel=\"noopener\">A\u00d1O 2002-2003<\/a><\/td>\n<td><a href=\"https:\/\/seoceuta.es\/wordpress\/imagenes\/ARTICULOS ALCUDON 2\/revistaalcudon2actividadeschagra.pdf\" target=\"_blank\" rel=\"noopener\">A\u00d1O 2004<\/a>\u00a0(Actividades del Grupo)<\/td>\n<td><a href=\"https:\/\/seoceuta.es\/wordpress\/wp-content\/uploads\/2015\/01\/RA3_anillamientos-2005.pdf\" target=\"_blank\" rel=\"noopener\">A\u00d1O 2005<\/a><\/td>\n<\/tr>\n<tr>\n<td><a href=\"https:\/\/seoceuta.es\/wordpress\/wp-content\/uploads\/2015\/01\/RA4_anillamientos_2006.pdf\" target=\"_blank\" rel=\"noopener\">A\u00d1O 2006<\/a><\/td>\n<td><a href=\"https:\/\/seoceuta.es\/wordpress\/wp-content\/uploads\/2015\/01\/RA5_anillamientos_2007.pdf\" target=\"_blank\" rel=\"noopener\">A\u00d1O 2007<\/a><\/td>\n<td><a href=\"https:\/\/seoceuta.es\/wordpress\/wp-content\/uploads\/2015\/01\/RA6_anillamientos-chagra.pdf\" target=\"_blank\" rel=\"noopener\">A\u00d1O 2008<\/a><\/td>\n<\/tr>\n<tr>\n<td><a href=\"https:\/\/seoceuta.es\/wordpress\/wp-content\/uploads\/2015\/01\/RA7_anillamientos_2009.pdf\" target=\"_blank\" rel=\"noopener\">A\u00d1O 2009<\/a><\/td>\n<td><a href=\"https:\/\/seoceuta.es\/wordpress\/wp-content\/uploads\/2015\/01\/RA8_tabla_anillamientos_2010.pdf\" target=\"_blank\" rel=\"noopener\">A\u00d1O 2010<\/a><\/td>\n<td><a href=\"https:\/\/seoceuta.es\/wordpress\/wp-content\/uploads\/2015\/01\/RA11_Anillamientos.pdf\" target=\"_blank\" rel=\"noopener\">A\u00d1O 2011<\/a><\/td>\n<\/tr>\n<tr>\n<td><a href=\"https:\/\/seoceuta.es\/wordpress\/wp-content\/uploads\/2015\/01\/RA10_anillamientos_2012.pdf\" target=\"_blank\" rel=\"noopener\">A\u00d1O 2012<\/a><\/td>\n<td><a href=\"https:\/\/seoceuta.es\/wordpress\/wp-content\/uploads\/2015\/01\/RA11_Anillamientos.pdf\" target=\"_blank\" rel=\"noopener\">A\u00d1O 2013<\/a><\/td>\n<td><a href=\"https:\/\/seoceuta.es\/wordpress\/wp-content\/uploads\/2015\/01\/RA12-Anillamiento.pdf\" target=\"_blank\" rel=\"noopener\">A\u00d1O 2014<\/a><\/td>\n<\/tr>\n<tr>\n<td><a href=\"https:\/\/seoceuta.es\/wordpress\/wp-content\/uploads\/2015\/01\/ANILLAMIENTO-CIENT_ALCUDON-13.pdf\" target=\"_blank\" rel=\"noopener\">A\u00d1O 2015<\/a><\/td>\n<td><a href=\"https:\/\/seoceuta.es\/wordpress\/wp-content\/uploads\/2015\/01\/ANILLAMIENTO-CIENTIFICO.RA-14.pdf\" target=\"_blank\" rel=\"noopener\">A\u00d1O 2016<\/a><\/td>\n<td><a href=\"https:\/\/seoceuta.es\/wordpress\/wp-content\/uploads\/2018\/07\/ANILLAMIENTO-CIENTIF.-ALCUDON-15.pdf\" target=\"_blank\" rel=\"noopener\">A\u00d1O 2017<\/a><\/td>\n<\/tr>\n<tr>\n<td><a href=\"https:\/\/seoceuta.es\/wordpress\/wp-content\/uploads\/2019\/07\/Anillamiento-cientifico.pdf\" target=\"_blank\" rel=\"noopener\">A\u00d1O 2018<\/a><\/td>\n<td><a href=\"https:\/\/seoceuta.es\/wordpress\/wp-content\/uploads\/2020\/07\/Anillamiento-cientifico-2019.pdf\" target=\"_blank\" rel=\"noopener\">A\u00d1O 2019<\/a><\/td>\n<td><a href=\"https:\/\/seoceuta.es\/wordpress\/wp-content\/uploads\/2021\/07\/ANILLAMIENTO-CIENTIFICO-AVES-ALCUDON-18.pdf\" target=\"_blank\" rel=\"noopener\">A\u00d1O 2020<\/a><\/td>\n<\/tr>\n<tr>\n<td><a href=\"https:\/\/seoceuta.es\/wordpress\/wp-content\/uploads\/2022\/07\/ANILLAMIENTO_CIENTIFICO_AVES_RA_19.pdf\" target=\"_blank\" rel=\"noopener\">A\u00d1O 2021<\/a><\/td>\n<td><a href=\"https:\/\/seoceuta.es\/wordpress\/wp-content\/uploads\/2023\/08\/anillamiento-cientifico-RA-20.pdf\" target=\"_blank\" rel=\"noopener\">A\u00d1O 2022<\/a><\/td>\n<td><a href=\"https:\/\/seoceuta.es\/wordpress\/wp-content\/uploads\/2024\/08\/Anillamiento_cientifico_RA21.pdf\" target=\"_blank\" rel=\"noopener\">A\u00d1O 2023<\/a><\/td>\n<\/tr>\n<\/tbody>\n<\/table>\n<div class=\"pvc_clear\"><\/div>\n<p id=\"pvc_stats_379\" class=\"pvc_stats all  \" data-element-id=\"379\" style=\"\"><i class=\"pvc-stats-icon medium\" aria-hidden=\"true\"><svg aria-hidden=\"true\" focusable=\"false\" data-prefix=\"far\" data-icon=\"chart-bar\" role=\"img\" xmlns=\"http:\/\/www.w3.org\/2000\/svg\" viewBox=\"0 0 512 512\" class=\"svg-inline--fa fa-chart-bar fa-w-16 fa-2x\"><path fill=\"currentColor\" d=\"M396.8 352h22.4c6.4 0 12.8-6.4 12.8-12.8V108.8c0-6.4-6.4-12.8-12.8-12.8h-22.4c-6.4 0-12.8 6.4-12.8 12.8v230.4c0 6.4 6.4 12.8 12.8 12.8zm-192 0h22.4c6.4 0 12.8-6.4 12.8-12.8V140.8c0-6.4-6.4-12.8-12.8-12.8h-22.4c-6.4 0-12.8 6.4-12.8 12.8v198.4c0 6.4 6.4 12.8 12.8 12.8zm96 0h22.4c6.4 0 12.8-6.4 12.8-12.8V204.8c0-6.4-6.4-12.8-12.8-12.8h-22.4c-6.4 0-12.8 6.4-12.8 12.8v134.4c0 6.4 6.4 12.8 12.8 12.8zM496 400H48V80c0-8.84-7.16-16-16-16H16C7.16 64 0 71.16 0 80v336c0 17.67 14.33 32 32 32h464c8.84 0 16-7.16 16-16v-16c0-8.84-7.16-16-16-16zm-387.2-48h22.4c6.4 0 12.8-6.4 12.8-12.8v-70.4c0-6.4-6.4-12.8-12.8-12.8h-22.4c-6.4 0-12.8 6.4-12.8 12.8v70.4c0 6.4 6.4 12.8 12.8 12.8z\" class=\"\"><\/path><\/svg><\/i> <img decoding=\"async\" width=\"16\" height=\"16\" alt=\"Loading\" src=\"https:\/\/www.seoceuta.es\/wordpress\/wp-content\/plugins\/page-views-count\/ajax-loader-2x.gif\" border=0 \/><\/p>\n<div class=\"pvc_clear\"><\/div>\n","protected":false},"excerpt":{"rendered":"<p>En el a\u00f1o 1993, tres veteranos anilladores se separan del<\/p>\n<div class=\"pvc_clear\"><\/div>\n<p id=\"pvc_stats_379\" class=\"pvc_stats all  \" data-element-id=\"379\" style=\"\"><i class=\"pvc-stats-icon medium\" aria-hidden=\"true\"><svg aria-hidden=\"true\" focusable=\"false\" data-prefix=\"far\" data-icon=\"chart-bar\" role=\"img\" xmlns=\"http:\/\/www.w3.org\/2000\/svg\" viewBox=\"0 0 512 512\" class=\"svg-inline--fa fa-chart-bar fa-w-16 fa-2x\"><path fill=\"currentColor\" d=\"M396.8 352h22.4c6.4 0 12.8-6.4 12.8-12.8V108.8c0-6.4-6.4-12.8-12.8-12.8h-22.4c-6.4 0-12.8 6.4-12.8 12.8v230.4c0 6.4 6.4 12.8 12.8 12.8zm-192 0h22.4c6.4 0 12.8-6.4 12.8-12.8V140.8c0-6.4-6.4-12.8-12.8-12.8h-22.4c-6.4 0-12.8 6.4-12.8 12.8v198.4c0 6.4 6.4 12.8 12.8 12.8zm96 0h22.4c6.4 0 12.8-6.4 12.8-12.8V204.8c0-6.4-6.4-12.8-12.8-12.8h-22.4c-6.4 0-12.8 6.4-12.8 12.8v134.4c0 6.4 6.4 12.8 12.8 12.8zM496 400H48V80c0-8.84-7.16-16-16-16H16C7.16 64 0 71.16 0 80v336c0 17.67 14.33 32 32 32h464c8.84 0 16-7.16 16-16v-16c0-8.84-7.16-16-16-16zm-387.2-48h22.4c6.4 0 12.8-6.4 12.8-12.8v-70.4c0-6.4-6.4-12.8-12.8-12.8h-22.4c-6.4 0-12.8 6.4-12.8 12.8v70.4c0 6.4 6.4 12.8 12.8 12.8z\" class=\"\"><\/path><\/svg><\/i> <img decoding=\"async\" width=\"16\" height=\"16\" alt=\"Loading\" src=\"https:\/\/www.seoceuta.es\/wordpress\/wp-content\/plugins\/page-views-count\/ajax-loader-2x.gif\" border=0 \/><\/p>\n<div class=\"pvc_clear\"><\/div>\n","protected":false},"author":1,"featured_media":0,"parent":0,"menu_order":0,"comment_status":"closed","ping_status":"closed","template":"","meta":{"advgb_blocks_editor_width":"","advgb_blocks_columns_visual_guide":"","ngg_post_thumbnail":0,"footnotes":""},"class_list":["post-379","page","type-page","status-publish","hentry"],"a3_pvc":{"activated":true,"total_views":1,"today_views":1},"coauthors":[],"author_meta":{"author_link":"https:\/\/www.seoceuta.es\/wordpress\/author\/ajcambelo\/","display_name":"SeoCeuta"},"relative_dates":{"created":"Publicado 11 a\u00f1os hace","modified":"Actualizado 1 a\u00f1o hace"},"absolute_dates":{"created":"Publicado el 4 de enero de 2015","modified":"Actualizado el 14 de febrero de 2025"},"absolute_dates_time":{"created":"Publicado el 4 de enero de 2015 17:54","modified":"Actualizado el 14 de febrero de 2025 08:32"},"featured_img_caption":"","featured_img":false,"series_order":"","_links":{"self":[{"href":"https:\/\/www.seoceuta.es\/wordpress\/wp-json\/wp\/v2\/pages\/379","targetHints":{"allow":["GET"]}}],"collection":[{"href":"https:\/\/www.seoceuta.es\/wordpress\/wp-json\/wp\/v2\/pages"}],"about":[{"href":"https:\/\/www.seoceuta.es\/wordpress\/wp-json\/wp\/v2\/types\/page"}],"author":[{"embeddable":true,"href":"https:\/\/www.seoceuta.es\/wordpress\/wp-json\/wp\/v2\/users\/1"}],"replies":[{"embeddable":true,"href":"https:\/\/www.seoceuta.es\/wordpress\/wp-json\/wp\/v2\/comments?post=379"}],"version-history":[{"count":6,"href":"https:\/\/www.seoceuta.es\/wordpress\/wp-json\/wp\/v2\/pages\/379\/revisions"}],"predecessor-version":[{"id":1667,"href":"https:\/\/www.seoceuta.es\/wordpress\/wp-json\/wp\/v2\/pages\/379\/revisions\/1667"}],"wp:attachment":[{"href":"https:\/\/www.seoceuta.es\/wordpress\/wp-json\/wp\/v2\/media?parent=379"}],"curies":[{"name":"wp","href":"https:\/\/api.w.org\/{rel}","templated":true}]}}