{"id":381,"date":"2015-01-06T00:00:33","date_gmt":"2015-01-05T23:00:33","guid":{"rendered":"https:\/\/seoceuta.es\/wordpress\/programa-paser\/"},"modified":"2025-01-26T21:52:21","modified_gmt":"2025-01-26T20:52:21","slug":"programa-paser","status":"publish","type":"page","link":"https:\/\/www.seoceuta.es\/wordpress\/programa-paser\/","title":{"rendered":"PROGRAMA PASER"},"content":{"rendered":"<div class=\"wp-classic-menu-block \"><ul id=\"menu-campanas-paser\" class=\"menu\"><li id=\"menu-item-500\" class=\"menu-item menu-item-type-post_type menu-item-object-page menu-item-500\"><a href=\"https:\/\/www.seoceuta.es\/wordpress\/estacion-paser-campanas-1998-2001\/\">ESTACI\u00d3N PASER. CAMPA\u00d1AS 1998-2001.<\/a><\/li>\n<li id=\"menu-item-502\" class=\"menu-item menu-item-type-post_type menu-item-object-page menu-item-502\"><a href=\"https:\/\/www.seoceuta.es\/wordpress\/programa-paser-campanas-2002-2003\/\">PROGRAMA PASER. CAMPA\u00d1AS 2002 Y 2003.<\/a><\/li>\n<li id=\"menu-item-501\" class=\"menu-item menu-item-type-post_type menu-item-object-page menu-item-501\"><a href=\"https:\/\/www.seoceuta.es\/wordpress\/estacion-paser-campana-2004\/\">PROGRAMA PASER. CAMPA\u00d1A 2004.<\/a><\/li>\n<li id=\"menu-item-499\" class=\"menu-item menu-item-type-post_type menu-item-object-page menu-item-499\"><a href=\"https:\/\/www.seoceuta.es\/wordpress\/programa-paser-campana-2005-0\/\">PROGRAMA PASER. CAMPA\u00d1A 2005.<\/a><\/li>\n<li id=\"menu-item-498\" class=\"menu-item menu-item-type-post_type menu-item-object-page menu-item-498\"><a href=\"https:\/\/www.seoceuta.es\/wordpress\/programa-paser-campana-2006\/\">PROGRAMA PASER. CAMPA\u00d1A 2006.<\/a><\/li>\n<li id=\"menu-item-497\" class=\"menu-item menu-item-type-post_type menu-item-object-page menu-item-497\"><a href=\"https:\/\/www.seoceuta.es\/wordpress\/programa-paser-campana-2007\/\">PROGRAMA PASER. CAMPA\u00d1A 2007.<\/a><\/li>\n<li id=\"menu-item-496\" class=\"menu-item menu-item-type-post_type menu-item-object-page menu-item-496\"><a href=\"https:\/\/www.seoceuta.es\/wordpress\/programa-paser-campana-2008\/\">PROGRAMA PASER. CAMPA\u00d1A 2008.<\/a><\/li>\n<li id=\"menu-item-495\" class=\"menu-item menu-item-type-post_type menu-item-object-page menu-item-495\"><a href=\"https:\/\/www.seoceuta.es\/wordpress\/programa-paser-campana-2009\/\">PROGRAMA PASER. CAMPA\u00d1A 2009.<\/a><\/li>\n<li id=\"menu-item-494\" class=\"menu-item menu-item-type-post_type menu-item-object-page menu-item-494\"><a href=\"https:\/\/www.seoceuta.es\/wordpress\/programa-paser-campana-2010\/\">PROGRAMA PASER. CAMPA\u00d1A 2010.<\/a><\/li>\n<li id=\"menu-item-493\" class=\"menu-item menu-item-type-post_type menu-item-object-page menu-item-493\"><a href=\"https:\/\/www.seoceuta.es\/wordpress\/programa-paser-campana-2011\/\">PROGRAMA PASER. CAMPA\u00d1A 2011.<\/a><\/li>\n<li id=\"menu-item-491\" class=\"menu-item menu-item-type-post_type menu-item-object-page menu-item-491\"><a href=\"https:\/\/www.seoceuta.es\/wordpress\/programa-paser-campana-2012\/\">PROGRAMA PASER. CAMPA\u00d1A 2012.<\/a><\/li>\n<li id=\"menu-item-490\" class=\"menu-item menu-item-type-post_type menu-item-object-page menu-item-490\"><a href=\"https:\/\/www.seoceuta.es\/wordpress\/programa-paser-campana-2013\/\">PROGRAMA PASER. CAMPA\u00d1A 2013.<\/a><\/li>\n<li id=\"menu-item-492\" class=\"menu-item menu-item-type-post_type menu-item-object-page menu-item-492\"><a href=\"https:\/\/www.seoceuta.es\/wordpress\/estacion-paser-campana-2014\/\">ESTACI\u00d3N PASER. CAMPA\u00d1A 2014<\/a><\/li>\n<\/ul><\/div>\n\n<p style=\"text-align: center;\">El objetivo fundamental del Programa PASER es obtener, mediante datos de anillamiento, informaci\u00f3n sobre las tendencias poblacionales de las aves nidificantes en nuestro pa\u00eds. Este proyecto, que viene siendo desarrollado desde 1995 por anilladores del Centro de Migraci\u00f3n de Aves de SEO\/BirdLife, y al que se incorpor\u00f3 el Grupo de anillamiento CHAGRA en el a\u00f1o 1998, trata de establecer a nivel estatal una red de estaciones de anillamiento con metodolog\u00eda estandarizada en la que se obtengan datos comparables entre ellas y entre los distintos a\u00f1os de funcionamiento.<\/p>\n<p style=\"text-align: center;\">La Estaci\u00f3n PASER de Ceuta est\u00e1 situada en el Arroyo de Calamocarro, en la ZEPA (Zona de Especial Protecci\u00f3n para las Aves) denominada Benz\u00fa-Calamocarro, realiz\u00e1ndose un seguimiento de la evoluci\u00f3n de la avifauna nidificante en esta important\u00edsima zona de territorio ceut\u00ed.<\/p>\n<p><!-- \/wp:post-content --><!-- wp:post-terms {\"term\":\"post_tag\",\"fontSize\":\"medium\"} \/--><!-- wp:paragraph \/--><\/p>\n\n<!-- wp:paragraph -->\n<p><\/p>\n<!-- \/wp:paragraph --><div class=\"pvc_clear\"><\/div><p id=\"pvc_stats_381\" class=\"pvc_stats all  \" data-element-id=\"381\" style=\"\"><i class=\"pvc-stats-icon medium\" aria-hidden=\"true\"><svg aria-hidden=\"true\" focusable=\"false\" data-prefix=\"far\" data-icon=\"chart-bar\" role=\"img\" xmlns=\"http:\/\/www.w3.org\/2000\/svg\" viewBox=\"0 0 512 512\" class=\"svg-inline--fa fa-chart-bar fa-w-16 fa-2x\"><path fill=\"currentColor\" d=\"M396.8 352h22.4c6.4 0 12.8-6.4 12.8-12.8V108.8c0-6.4-6.4-12.8-12.8-12.8h-22.4c-6.4 0-12.8 6.4-12.8 12.8v230.4c0 6.4 6.4 12.8 12.8 12.8zm-192 0h22.4c6.4 0 12.8-6.4 12.8-12.8V140.8c0-6.4-6.4-12.8-12.8-12.8h-22.4c-6.4 0-12.8 6.4-12.8 12.8v198.4c0 6.4 6.4 12.8 12.8 12.8zm96 0h22.4c6.4 0 12.8-6.4 12.8-12.8V204.8c0-6.4-6.4-12.8-12.8-12.8h-22.4c-6.4 0-12.8 6.4-12.8 12.8v134.4c0 6.4 6.4 12.8 12.8 12.8zM496 400H48V80c0-8.84-7.16-16-16-16H16C7.16 64 0 71.16 0 80v336c0 17.67 14.33 32 32 32h464c8.84 0 16-7.16 16-16v-16c0-8.84-7.16-16-16-16zm-387.2-48h22.4c6.4 0 12.8-6.4 12.8-12.8v-70.4c0-6.4-6.4-12.8-12.8-12.8h-22.4c-6.4 0-12.8 6.4-12.8 12.8v70.4c0 6.4 6.4 12.8 12.8 12.8z\" class=\"\"><\/path><\/svg><\/i> <img decoding=\"async\" width=\"16\" height=\"16\" alt=\"Loading\" src=\"https:\/\/www.seoceuta.es\/wordpress\/wp-content\/plugins\/page-views-count\/ajax-loader-2x.gif\" border=0 \/><\/p><div class=\"pvc_clear\"><\/div>","protected":false},"excerpt":{"rendered":"<p>El objetivo fundamental del Programa PASER es obtener, mediante datos<\/p>\n<div class=\"pvc_clear\"><\/div>\n<p id=\"pvc_stats_381\" class=\"pvc_stats all  \" data-element-id=\"381\" style=\"\"><i class=\"pvc-stats-icon medium\" aria-hidden=\"true\"><svg aria-hidden=\"true\" focusable=\"false\" data-prefix=\"far\" data-icon=\"chart-bar\" role=\"img\" xmlns=\"http:\/\/www.w3.org\/2000\/svg\" viewBox=\"0 0 512 512\" class=\"svg-inline--fa fa-chart-bar fa-w-16 fa-2x\"><path fill=\"currentColor\" d=\"M396.8 352h22.4c6.4 0 12.8-6.4 12.8-12.8V108.8c0-6.4-6.4-12.8-12.8-12.8h-22.4c-6.4 0-12.8 6.4-12.8 12.8v230.4c0 6.4 6.4 12.8 12.8 12.8zm-192 0h22.4c6.4 0 12.8-6.4 12.8-12.8V140.8c0-6.4-6.4-12.8-12.8-12.8h-22.4c-6.4 0-12.8 6.4-12.8 12.8v198.4c0 6.4 6.4 12.8 12.8 12.8zm96 0h22.4c6.4 0 12.8-6.4 12.8-12.8V204.8c0-6.4-6.4-12.8-12.8-12.8h-22.4c-6.4 0-12.8 6.4-12.8 12.8v134.4c0 6.4 6.4 12.8 12.8 12.8zM496 400H48V80c0-8.84-7.16-16-16-16H16C7.16 64 0 71.16 0 80v336c0 17.67 14.33 32 32 32h464c8.84 0 16-7.16 16-16v-16c0-8.84-7.16-16-16-16zm-387.2-48h22.4c6.4 0 12.8-6.4 12.8-12.8v-70.4c0-6.4-6.4-12.8-12.8-12.8h-22.4c-6.4 0-12.8 6.4-12.8 12.8v70.4c0 6.4 6.4 12.8 12.8 12.8z\" class=\"\"><\/path><\/svg><\/i> <img decoding=\"async\" width=\"16\" height=\"16\" alt=\"Loading\" src=\"https:\/\/www.seoceuta.es\/wordpress\/wp-content\/plugins\/page-views-count\/ajax-loader-2x.gif\" border=0 \/><\/p>\n<div class=\"pvc_clear\"><\/div>\n","protected":false},"author":1,"featured_media":0,"parent":0,"menu_order":0,"comment_status":"closed","ping_status":"closed","template":"","meta":{"advgb_blocks_editor_width":"","advgb_blocks_columns_visual_guide":"","ngg_post_thumbnail":0,"footnotes":""},"class_list":["post-381","page","type-page","status-publish","hentry"],"a3_pvc":{"activated":true,"total_views":1,"today_views":1},"coauthors":[],"author_meta":{"author_link":"https:\/\/www.seoceuta.es\/wordpress\/author\/ajcambelo\/","display_name":"SeoCeuta"},"relative_dates":{"created":"Publicado 11 a\u00f1os hace","modified":"Actualizado 1 a\u00f1o hace"},"absolute_dates":{"created":"Publicado el 6 de enero de 2015","modified":"Actualizado el 26 de enero de 2025"},"absolute_dates_time":{"created":"Publicado el 6 de enero de 2015 00:00","modified":"Actualizado el 26 de enero de 2025 21:52"},"featured_img_caption":"","featured_img":false,"series_order":"","_links":{"self":[{"href":"https:\/\/www.seoceuta.es\/wordpress\/wp-json\/wp\/v2\/pages\/381","targetHints":{"allow":["GET"]}}],"collection":[{"href":"https:\/\/www.seoceuta.es\/wordpress\/wp-json\/wp\/v2\/pages"}],"about":[{"href":"https:\/\/www.seoceuta.es\/wordpress\/wp-json\/wp\/v2\/types\/page"}],"author":[{"embeddable":true,"href":"https:\/\/www.seoceuta.es\/wordpress\/wp-json\/wp\/v2\/users\/1"}],"replies":[{"embeddable":true,"href":"https:\/\/www.seoceuta.es\/wordpress\/wp-json\/wp\/v2\/comments?post=381"}],"version-history":[{"count":13,"href":"https:\/\/www.seoceuta.es\/wordpress\/wp-json\/wp\/v2\/pages\/381\/revisions"}],"predecessor-version":[{"id":1083,"href":"https:\/\/www.seoceuta.es\/wordpress\/wp-json\/wp\/v2\/pages\/381\/revisions\/1083"}],"wp:attachment":[{"href":"https:\/\/www.seoceuta.es\/wordpress\/wp-json\/wp\/v2\/media?parent=381"}],"curies":[{"name":"wp","href":"https:\/\/api.w.org\/{rel}","templated":true}]}}