{"id":388,"date":"2015-01-09T21:34:01","date_gmt":"2015-01-09T20:34:01","guid":{"rendered":"https:\/\/seoceuta.es\/wordpress\/red-avistamiento-aves-mamiferos-marinos\/"},"modified":"2025-01-24T23:22:03","modified_gmt":"2025-01-24T22:22:03","slug":"red-avistamiento-aves-mamiferos-marinos","status":"publish","type":"page","link":"https:\/\/www.seoceuta.es\/wordpress\/red-avistamiento-aves-mamiferos-marinos\/","title":{"rendered":"RED AVISTAMIENTO DE AVES Y MAMIFEROS MAR\u00cdNOS."},"content":{"rendered":"\n<figure class=\"wp-block-image aligncenter is-resized\"><img decoding=\"async\" src=\"http:\/\/seoceuta.es\/imagenes\/observando.jpg\" alt=\"grupo de observadores\" style=\"width:527px;height:auto\"\/><\/figure>\n\n\n\n<p><strong><em>Coordinador: Joaquin L\u00f3pez Rodr\u00edguez<\/em><\/strong><\/p>\n\n\n\n<p class=\"has-text-align-center\">La RAM (Red de observaci\u00f3n de Aves y Mam\u00edferos marinos), es una idea que surgi\u00f3 entre ornit\u00f3logos del norte de Espa\u00f1a durante el a\u00f1o 2005, con la intenci\u00f3n de coordinar los esfuerzos de los estudios para el conocimiento y conservaci\u00f3n de las aves y mam\u00edferos marinos. El objetivo es obtener a medio-largo plazo una aproximaci\u00f3n de la situaci\u00f3n real de la abundancia y movimientos de estas especies. Durante el a\u00f1o 2006 se fue extendiendo la idea al resto de Espa\u00f1a y ya en&nbsp;2007 se realizaban&nbsp;observaciones desde 50 cabos de Espa\u00f1a y Portugal.<\/p>\n\n\n\n<p class=\"has-text-align-center\">En Ceuta hemos participado en todas la jornadas desde diciembre de 2006, aunque las inclemencias del tiempo han obligado a suspender algunas jornadas.<\/p>\n\n\n\n<p class=\"has-text-align-center\">El m\u00e9todo de observaci\u00f3n consiste en situar observadores de forma paralela (en una misma jornada y un mismo tramo horario) en diferentes cabos, y contabilizar e identificar todos los ejemplares de aves y mam\u00edferos marinos que pasen por el campo de la \u00f3ptica. Para ello se requiere&nbsp;un m\u00ednimo de dos personas, una de ellas con un telescopio m\u00ednimo de 20x y otra con prism\u00e1ticos 8-10x.<\/p>\n\n\n\n<p><\/p>\n<div class=\"pvc_clear\"><\/div><p id=\"pvc_stats_388\" class=\"pvc_stats all  \" data-element-id=\"388\" style=\"\"><i class=\"pvc-stats-icon medium\" aria-hidden=\"true\"><svg aria-hidden=\"true\" focusable=\"false\" data-prefix=\"far\" data-icon=\"chart-bar\" role=\"img\" xmlns=\"http:\/\/www.w3.org\/2000\/svg\" viewBox=\"0 0 512 512\" class=\"svg-inline--fa fa-chart-bar fa-w-16 fa-2x\"><path fill=\"currentColor\" d=\"M396.8 352h22.4c6.4 0 12.8-6.4 12.8-12.8V108.8c0-6.4-6.4-12.8-12.8-12.8h-22.4c-6.4 0-12.8 6.4-12.8 12.8v230.4c0 6.4 6.4 12.8 12.8 12.8zm-192 0h22.4c6.4 0 12.8-6.4 12.8-12.8V140.8c0-6.4-6.4-12.8-12.8-12.8h-22.4c-6.4 0-12.8 6.4-12.8 12.8v198.4c0 6.4 6.4 12.8 12.8 12.8zm96 0h22.4c6.4 0 12.8-6.4 12.8-12.8V204.8c0-6.4-6.4-12.8-12.8-12.8h-22.4c-6.4 0-12.8 6.4-12.8 12.8v134.4c0 6.4 6.4 12.8 12.8 12.8zM496 400H48V80c0-8.84-7.16-16-16-16H16C7.16 64 0 71.16 0 80v336c0 17.67 14.33 32 32 32h464c8.84 0 16-7.16 16-16v-16c0-8.84-7.16-16-16-16zm-387.2-48h22.4c6.4 0 12.8-6.4 12.8-12.8v-70.4c0-6.4-6.4-12.8-12.8-12.8h-22.4c-6.4 0-12.8 6.4-12.8 12.8v70.4c0 6.4 6.4 12.8 12.8 12.8z\" class=\"\"><\/path><\/svg><\/i> <img decoding=\"async\" width=\"16\" height=\"16\" alt=\"Loading\" src=\"https:\/\/www.seoceuta.es\/wordpress\/wp-content\/plugins\/page-views-count\/ajax-loader-2x.gif\" border=0 \/><\/p><div class=\"pvc_clear\"><\/div>","protected":false},"excerpt":{"rendered":"<p>Coordinador: Joaquin L\u00f3pez Rodr\u00edguez La RAM (Red de observaci\u00f3n de<\/p>\n<div class=\"pvc_clear\"><\/div>\n<p id=\"pvc_stats_388\" class=\"pvc_stats all  \" data-element-id=\"388\" style=\"\"><i class=\"pvc-stats-icon medium\" aria-hidden=\"true\"><svg aria-hidden=\"true\" focusable=\"false\" data-prefix=\"far\" data-icon=\"chart-bar\" role=\"img\" xmlns=\"http:\/\/www.w3.org\/2000\/svg\" viewBox=\"0 0 512 512\" class=\"svg-inline--fa fa-chart-bar fa-w-16 fa-2x\"><path fill=\"currentColor\" d=\"M396.8 352h22.4c6.4 0 12.8-6.4 12.8-12.8V108.8c0-6.4-6.4-12.8-12.8-12.8h-22.4c-6.4 0-12.8 6.4-12.8 12.8v230.4c0 6.4 6.4 12.8 12.8 12.8zm-192 0h22.4c6.4 0 12.8-6.4 12.8-12.8V140.8c0-6.4-6.4-12.8-12.8-12.8h-22.4c-6.4 0-12.8 6.4-12.8 12.8v198.4c0 6.4 6.4 12.8 12.8 12.8zm96 0h22.4c6.4 0 12.8-6.4 12.8-12.8V204.8c0-6.4-6.4-12.8-12.8-12.8h-22.4c-6.4 0-12.8 6.4-12.8 12.8v134.4c0 6.4 6.4 12.8 12.8 12.8zM496 400H48V80c0-8.84-7.16-16-16-16H16C7.16 64 0 71.16 0 80v336c0 17.67 14.33 32 32 32h464c8.84 0 16-7.16 16-16v-16c0-8.84-7.16-16-16-16zm-387.2-48h22.4c6.4 0 12.8-6.4 12.8-12.8v-70.4c0-6.4-6.4-12.8-12.8-12.8h-22.4c-6.4 0-12.8 6.4-12.8 12.8v70.4c0 6.4 6.4 12.8 12.8 12.8z\" class=\"\"><\/path><\/svg><\/i> <img decoding=\"async\" width=\"16\" height=\"16\" alt=\"Loading\" src=\"https:\/\/www.seoceuta.es\/wordpress\/wp-content\/plugins\/page-views-count\/ajax-loader-2x.gif\" border=0 \/><\/p>\n<div class=\"pvc_clear\"><\/div>\n","protected":false},"author":1,"featured_media":0,"parent":0,"menu_order":0,"comment_status":"closed","ping_status":"closed","template":"","meta":{"advgb_blocks_editor_width":"","advgb_blocks_columns_visual_guide":"","ngg_post_thumbnail":0,"footnotes":""},"class_list":["post-388","page","type-page","status-publish","hentry"],"a3_pvc":{"activated":true,"total_views":1,"today_views":1},"coauthors":[],"author_meta":{"author_link":"https:\/\/www.seoceuta.es\/wordpress\/author\/ajcambelo\/","display_name":"SeoCeuta"},"relative_dates":{"created":"Publicado 11 a\u00f1os hace","modified":"Actualizado 1 a\u00f1o hace"},"absolute_dates":{"created":"Publicado el 9 de enero de 2015","modified":"Actualizado el 24 de enero de 2025"},"absolute_dates_time":{"created":"Publicado el 9 de enero de 2015 21:34","modified":"Actualizado el 24 de enero de 2025 23:22"},"featured_img_caption":"","featured_img":false,"series_order":"","_links":{"self":[{"href":"https:\/\/www.seoceuta.es\/wordpress\/wp-json\/wp\/v2\/pages\/388","targetHints":{"allow":["GET"]}}],"collection":[{"href":"https:\/\/www.seoceuta.es\/wordpress\/wp-json\/wp\/v2\/pages"}],"about":[{"href":"https:\/\/www.seoceuta.es\/wordpress\/wp-json\/wp\/v2\/types\/page"}],"author":[{"embeddable":true,"href":"https:\/\/www.seoceuta.es\/wordpress\/wp-json\/wp\/v2\/users\/1"}],"replies":[{"embeddable":true,"href":"https:\/\/www.seoceuta.es\/wordpress\/wp-json\/wp\/v2\/comments?post=388"}],"version-history":[{"count":9,"href":"https:\/\/www.seoceuta.es\/wordpress\/wp-json\/wp\/v2\/pages\/388\/revisions"}],"predecessor-version":[{"id":1058,"href":"https:\/\/www.seoceuta.es\/wordpress\/wp-json\/wp\/v2\/pages\/388\/revisions\/1058"}],"wp:attachment":[{"href":"https:\/\/www.seoceuta.es\/wordpress\/wp-json\/wp\/v2\/media?parent=388"}],"curies":[{"name":"wp","href":"https:\/\/api.w.org\/{rel}","templated":true}]}}