{"id":410,"date":"2015-11-19T22:48:29","date_gmt":"2015-11-19T21:48:29","guid":{"rendered":"https:\/\/seoceuta.es\/wordpress\/estacion-paser-campana-2004\/"},"modified":"2025-01-26T23:03:14","modified_gmt":"2025-01-26T22:03:14","slug":"estacion-paser-campana-2004","status":"publish","type":"page","link":"https:\/\/www.seoceuta.es\/wordpress\/estacion-paser-campana-2004\/","title":{"rendered":"PROGRAMA PASER. CAMPA\u00d1A 2004."},"content":{"rendered":"\n<p>El grupo de anillamiento CHAGRA, entre el 10 de abril y el 20 de julio de 2004, ha realizado, por s\u00e9ptimo a\u00f1o consecutivo, las jornadas de anillamiento correspondientes al programa PASER (Plan de Anillamiento para el Seguimiento de Especies Reproductoras).<\/p>\n\n\n\n<p>La estaci\u00f3n PASER de Ceuta est\u00e1 situada en el arroyo de Calamocarro, en la&nbsp; ZEPA (Zona de especial protecci\u00f3n para las aves) denominada Benz\u00fa-Calamocarro, realiz\u00e1ndose un seguimiento de la evoluci\u00f3n de la avifauna nidificante en esta important\u00edsima zona.<\/p>\n\n\n\n<p><strong>RESULTADOS<\/strong><\/p>\n\n\n\n<p>Durante esta edici\u00f3n se han anillado\/controlado un total de 110 aves adultas y 184 j\u00f3venes (nacidos en el a\u00f1o 2004), pertenecientes a 18 especies diferentes.<\/p>\n\n\n\n<p>Los adultos reproductores han incrementado sus efectivos en un 29% con respecto al a\u00f1o 2003 (fig. n\u00ba 1), rompiendo por primera vez la tendencia negativa poblacional de la zona. <\/p>\n\n\n\n<p>La alarmante y cont\u00ednua disminuci\u00f3n de la poblaci\u00f3n\u00a0 observada desde el 99,\u00a0 a\u00f1o en que se anillaron\/controlaron 264 adultos, hasta el a\u00f1o 2003 en que se produjo una reducci\u00f3n que afect\u00f3 al 70% de la poblaci\u00f3n, se ha frenado, marcando por primera vez un punto de inflexi\u00f3n, elev\u00e1ndose actualmente al\u00a0 61% (con respecto al a\u00f1o 99).<\/p>\n\n\n\n<figure class=\"wp-block-image aligncenter size-full is-resized\"><img fetchpriority=\"high\" decoding=\"async\" width=\"738\" height=\"362\" src=\"https:\/\/www.seoceuta.es\/wordpress\/wp-content\/uploads\/2025\/01\/grafico-1-Paser-2004.jpg\" alt=\"Gr\u00e1fico 1 Paser 2004\" class=\"wp-image-1086\" style=\"width:643px;height:auto\" srcset=\"https:\/\/www.seoceuta.es\/wordpress\/wp-content\/uploads\/2025\/01\/grafico-1-Paser-2004.jpg 738w, https:\/\/www.seoceuta.es\/wordpress\/wp-content\/uploads\/2025\/01\/grafico-1-Paser-2004-300x147.jpg 300w\" sizes=\"(max-width: 738px) 100vw, 738px\" \/><\/figure>\n\n\n\n<p>La mayor\u00eda de las especies se han visto beneficiadas con este ligero incremento de adultos reproductores, destacando la Curruca cabecinegra (incremento 300%), el Escribano Sote\u00f1o (incremento 200%) y la curruca capirotada (incremento 100%).<\/p>\n\n\n\n<p>Entre las especies que contin\u00faan afectadas se encuentran el&nbsp; Herrerillo com\u00fan (disminuci\u00f3n 45%), el Pinz\u00f3n vulgar (disminuci\u00f3n 10%), y el Verdecillo (incremento&nbsp; 18%), teniendo actualmente una poblaci\u00f3n del 47%, 29% y 12% respectivamente, con respecto a la del a\u00f1o 99.<\/p>\n\n\n\n<p>El Petirrojo,&nbsp; el Mirlo, y el Carbonero com\u00fan mantienen niveles similares a los del a\u00f1o 99.<\/p>\n\n\n\n<p>La productividad (porcentaje de aves j\u00f3venes nacidos en el a\u00f1o&nbsp; con respecto a los adultos) se mantiene estable (fig. n\u00ba 2).<\/p>\n\n\n\n<figure class=\"wp-block-image aligncenter size-full is-resized\"><img decoding=\"async\" width=\"782\" height=\"358\" src=\"https:\/\/www.seoceuta.es\/wordpress\/wp-content\/uploads\/2025\/01\/grafico-2-Paser-2004.jpg\" alt=\"Gr\u00e1fico 2 Paser 2004\" class=\"wp-image-1087\" style=\"width:638px;height:auto\" srcset=\"https:\/\/www.seoceuta.es\/wordpress\/wp-content\/uploads\/2025\/01\/grafico-2-Paser-2004.jpg 782w, https:\/\/www.seoceuta.es\/wordpress\/wp-content\/uploads\/2025\/01\/grafico-2-Paser-2004-300x137.jpg 300w, https:\/\/www.seoceuta.es\/wordpress\/wp-content\/uploads\/2025\/01\/grafico-2-Paser-2004-768x352.jpg 768w\" sizes=\"(max-width: 782px) 100vw, 782px\" \/><\/figure>\n\n\n\n<p>La tasa de recuperaci\u00f3n de aves adultas, que tambi\u00e9n manten\u00eda una tendencia negativa, se ha incrementado con respecto a los a\u00f1os 2002 y 2003, superando los niveles del a\u00f1o 2000 (fig. n\u00ba 3).<\/p>\n\n\n\n<figure class=\"wp-block-image aligncenter size-full is-resized\"><img decoding=\"async\" width=\"765\" height=\"505\" src=\"https:\/\/www.seoceuta.es\/wordpress\/wp-content\/uploads\/2025\/01\/grafico-3-Paser-2004-1.jpg\" alt=\"Gr\u00e1fico 3 Paser 2004\" class=\"wp-image-1090\" style=\"width:465px;height:auto\" srcset=\"https:\/\/www.seoceuta.es\/wordpress\/wp-content\/uploads\/2025\/01\/grafico-3-Paser-2004-1.jpg 765w, https:\/\/www.seoceuta.es\/wordpress\/wp-content\/uploads\/2025\/01\/grafico-3-Paser-2004-1-300x198.jpg 300w\" sizes=\"(max-width: 765px) 100vw, 765px\" \/><\/figure>\n\n\n\n<p><strong>CONCLUSIONES<\/strong><\/p>\n\n\n\n<p>Este ligero incremento de la poblaci\u00f3n ha supuesto un cambio en la tendencia negativa que manten\u00eda desde el a\u00f1o 99, aunque la proporci\u00f3n contin\u00faa siendo muy baja (39%), existiendo especies que a\u00fan no se han recuperado en absoluto, como el Pinz\u00f3n vulgar, el Herrerillo com\u00fan y el Verdecillo, especies que tradicionalmente han sido las mayoritarias en la zona<\/p>\n\n\n\n<p>Entre las posibles causas que han motivado este cambio, pueden encontrarse la menor incidencia de los factores negativos denunciados en a\u00f1os anteriores, como la reducci\u00f3n de la actividad de motoristas y disminuci\u00f3n del ganado suelto. La actividad cineg\u00e9tica furtiva dentro de la zona ZEPA contin\u00faa realiz\u00e1ndose.<\/p>\n\n\n\n<p><\/p>\n<div class=\"pvc_clear\"><\/div><p id=\"pvc_stats_410\" class=\"pvc_stats all  \" data-element-id=\"410\" style=\"\"><i class=\"pvc-stats-icon medium\" aria-hidden=\"true\"><svg aria-hidden=\"true\" focusable=\"false\" data-prefix=\"far\" data-icon=\"chart-bar\" role=\"img\" xmlns=\"http:\/\/www.w3.org\/2000\/svg\" viewBox=\"0 0 512 512\" class=\"svg-inline--fa fa-chart-bar fa-w-16 fa-2x\"><path fill=\"currentColor\" d=\"M396.8 352h22.4c6.4 0 12.8-6.4 12.8-12.8V108.8c0-6.4-6.4-12.8-12.8-12.8h-22.4c-6.4 0-12.8 6.4-12.8 12.8v230.4c0 6.4 6.4 12.8 12.8 12.8zm-192 0h22.4c6.4 0 12.8-6.4 12.8-12.8V140.8c0-6.4-6.4-12.8-12.8-12.8h-22.4c-6.4 0-12.8 6.4-12.8 12.8v198.4c0 6.4 6.4 12.8 12.8 12.8zm96 0h22.4c6.4 0 12.8-6.4 12.8-12.8V204.8c0-6.4-6.4-12.8-12.8-12.8h-22.4c-6.4 0-12.8 6.4-12.8 12.8v134.4c0 6.4 6.4 12.8 12.8 12.8zM496 400H48V80c0-8.84-7.16-16-16-16H16C7.16 64 0 71.16 0 80v336c0 17.67 14.33 32 32 32h464c8.84 0 16-7.16 16-16v-16c0-8.84-7.16-16-16-16zm-387.2-48h22.4c6.4 0 12.8-6.4 12.8-12.8v-70.4c0-6.4-6.4-12.8-12.8-12.8h-22.4c-6.4 0-12.8 6.4-12.8 12.8v70.4c0 6.4 6.4 12.8 12.8 12.8z\" class=\"\"><\/path><\/svg><\/i> <img loading=\"lazy\" decoding=\"async\" width=\"16\" height=\"16\" alt=\"Loading\" src=\"https:\/\/www.seoceuta.es\/wordpress\/wp-content\/plugins\/page-views-count\/ajax-loader-2x.gif\" border=0 \/><\/p><div class=\"pvc_clear\"><\/div>","protected":false},"excerpt":{"rendered":"<p>El grupo de anillamiento CHAGRA, entre el 10 de abril<\/p>\n<div class=\"pvc_clear\"><\/div>\n<p id=\"pvc_stats_410\" class=\"pvc_stats all  \" data-element-id=\"410\" style=\"\"><i class=\"pvc-stats-icon medium\" aria-hidden=\"true\"><svg aria-hidden=\"true\" focusable=\"false\" data-prefix=\"far\" data-icon=\"chart-bar\" role=\"img\" xmlns=\"http:\/\/www.w3.org\/2000\/svg\" viewBox=\"0 0 512 512\" class=\"svg-inline--fa fa-chart-bar fa-w-16 fa-2x\"><path fill=\"currentColor\" d=\"M396.8 352h22.4c6.4 0 12.8-6.4 12.8-12.8V108.8c0-6.4-6.4-12.8-12.8-12.8h-22.4c-6.4 0-12.8 6.4-12.8 12.8v230.4c0 6.4 6.4 12.8 12.8 12.8zm-192 0h22.4c6.4 0 12.8-6.4 12.8-12.8V140.8c0-6.4-6.4-12.8-12.8-12.8h-22.4c-6.4 0-12.8 6.4-12.8 12.8v198.4c0 6.4 6.4 12.8 12.8 12.8zm96 0h22.4c6.4 0 12.8-6.4 12.8-12.8V204.8c0-6.4-6.4-12.8-12.8-12.8h-22.4c-6.4 0-12.8 6.4-12.8 12.8v134.4c0 6.4 6.4 12.8 12.8 12.8zM496 400H48V80c0-8.84-7.16-16-16-16H16C7.16 64 0 71.16 0 80v336c0 17.67 14.33 32 32 32h464c8.84 0 16-7.16 16-16v-16c0-8.84-7.16-16-16-16zm-387.2-48h22.4c6.4 0 12.8-6.4 12.8-12.8v-70.4c0-6.4-6.4-12.8-12.8-12.8h-22.4c-6.4 0-12.8 6.4-12.8 12.8v70.4c0 6.4 6.4 12.8 12.8 12.8z\" class=\"\"><\/path><\/svg><\/i> <img loading=\"lazy\" decoding=\"async\" width=\"16\" height=\"16\" alt=\"Loading\" src=\"https:\/\/www.seoceuta.es\/wordpress\/wp-content\/plugins\/page-views-count\/ajax-loader-2x.gif\" border=0 \/><\/p>\n<div class=\"pvc_clear\"><\/div>\n","protected":false},"author":1,"featured_media":0,"parent":0,"menu_order":0,"comment_status":"closed","ping_status":"closed","template":"","meta":{"advgb_blocks_editor_width":"","advgb_blocks_columns_visual_guide":"","ngg_post_thumbnail":0,"footnotes":""},"class_list":["post-410","page","type-page","status-publish","hentry"],"a3_pvc":{"activated":true,"total_views":0,"today_views":0},"coauthors":[],"author_meta":{"author_link":"https:\/\/www.seoceuta.es\/wordpress\/author\/ajcambelo\/","display_name":"SeoCeuta"},"relative_dates":{"created":"Publicado 10 a\u00f1os hace","modified":"Actualizado 1 a\u00f1o hace"},"absolute_dates":{"created":"Publicado el 19 de noviembre de 2015","modified":"Actualizado el 26 de enero de 2025"},"absolute_dates_time":{"created":"Publicado el 19 de noviembre de 2015 22:48","modified":"Actualizado el 26 de enero de 2025 23:03"},"featured_img_caption":"","featured_img":false,"series_order":"","_links":{"self":[{"href":"https:\/\/www.seoceuta.es\/wordpress\/wp-json\/wp\/v2\/pages\/410","targetHints":{"allow":["GET"]}}],"collection":[{"href":"https:\/\/www.seoceuta.es\/wordpress\/wp-json\/wp\/v2\/pages"}],"about":[{"href":"https:\/\/www.seoceuta.es\/wordpress\/wp-json\/wp\/v2\/types\/page"}],"author":[{"embeddable":true,"href":"https:\/\/www.seoceuta.es\/wordpress\/wp-json\/wp\/v2\/users\/1"}],"replies":[{"embeddable":true,"href":"https:\/\/www.seoceuta.es\/wordpress\/wp-json\/wp\/v2\/comments?post=410"}],"version-history":[{"count":4,"href":"https:\/\/www.seoceuta.es\/wordpress\/wp-json\/wp\/v2\/pages\/410\/revisions"}],"predecessor-version":[{"id":1091,"href":"https:\/\/www.seoceuta.es\/wordpress\/wp-json\/wp\/v2\/pages\/410\/revisions\/1091"}],"wp:attachment":[{"href":"https:\/\/www.seoceuta.es\/wordpress\/wp-json\/wp\/v2\/media?parent=410"}],"curies":[{"name":"wp","href":"https:\/\/api.w.org\/{rel}","templated":true}]}}