{"id":412,"date":"2015-11-19T23:09:09","date_gmt":"2015-11-19T22:09:09","guid":{"rendered":"https:\/\/seoceuta.es\/wordpress\/estacion-paser-campanas-1998-2001\/"},"modified":"2025-02-02T01:40:08","modified_gmt":"2025-02-02T00:40:08","slug":"estacion-paser-campanas-1998-2001","status":"publish","type":"page","link":"https:\/\/www.seoceuta.es\/wordpress\/estacion-paser-campanas-1998-2001\/","title":{"rendered":"ESTACI\u00d3N PASER. CAMPA\u00d1AS 1998-2001."},"content":{"rendered":"<p class=\"rtejustify\">En el a\u00f1o 1998 se decidi\u00f3 por unanimidad de los miembros del grupo CHAGRA, la integraci\u00f3n en el <strong>Programa PASER (Programa de Anillamiento y Seguimiento de Especies Reproductoras)<\/strong>. Tras diversas deliveraciones para decidir la ubicaci\u00f3n de la estaci\u00f3n de anillamiento, se opt\u00f3 por el <strong>Arroyo de Calamocarro<\/strong>, por encontrarse situado dentro de la <strong>ZEPA (Zona de Especial Protecci\u00f3n para las Aves)<\/strong> denominada <strong>Benz\u00fa-Calamocarro<\/strong>, y poder as\u00ed realizar un seguimiento de la evoluci\u00f3n de la avifauna nidificante en esta importantisima zona.<\/p>\n<p class=\"rtejustify\">El objetivo fundamental del programa PASER es obtener, mediante datos de anillamiento, informaci\u00f3n sobre las tendencias poblacionales de las aves nidificantes en nuestro pais. Este proyecto, que viene siendo desarrollado desde 1995 por anilladores del <strong>Centro de Migraci\u00f3n de Aves de SEO\/Birdlife<\/strong>, trata de establecer a nivel estatal una red de estaciones de anillamiento con metodol\u00f3gia estandarizada en la que se obtengan datos comparables entre ellas y entre los distintos a\u00f1os de funcionamiento.<\/p>\n<p>Mediante los datos obtenidos de esta manera, es posible determinar:<\/p>\n<p>1\u00ba Indices de <strong>CAMBIO POBLACIONAL<\/strong> por las variaciones interanuales en el total de adultos capturados.<\/p>\n<p>2\u00ba\u00a0 Informaci\u00f3n sobre <strong>PRODUCTIVIDAD<\/strong>, por la relaci\u00f3n anual entre j\u00f3venes y adultos capturados.<\/p>\n<p>3\u00ba Informaci\u00f3n sobre la <strong>SUPERVIVENCIA<\/strong> mediante las recapturas entre a\u00f1os.<\/p>\n<p>4\u00ba <strong>RELACIONES ENTRE HABITAT Y CAMBIOS POBLACIONES<\/strong>, puesto que cada estaci\u00f3n est\u00e1 asociada a un determinado h\u00e1bitat.<\/p>\n<p class=\"rtejustify\">Los resultados obtenidos son los que figuran en el cuadro siguiente. De estos resultados se han excluido aquellas especies consideradas de paso, que no nidifican en la zona.<\/p>\n<p class=\"rtecenter\">\n<p>Aves anilladas durante el periodo de reproducci\u00f3n, no habituales:<\/p>\n<p><strong><em>Fringilla coelebs coelebs<\/em><\/strong>, subespecie que nidifica al otro lado del estrecho y se distribuye por toda Europa.<\/p>\n<p><strong><em>Carduelis spinus<\/em><\/strong>, especie que tambi\u00e9n nidifica al otro lado del estrecho.<\/p>\n<div class=\"pvc_clear\"><\/div>\n<p id=\"pvc_stats_412\" class=\"pvc_stats all  \" data-element-id=\"412\" style=\"\"><i class=\"pvc-stats-icon medium\" aria-hidden=\"true\"><svg aria-hidden=\"true\" focusable=\"false\" data-prefix=\"far\" data-icon=\"chart-bar\" role=\"img\" xmlns=\"http:\/\/www.w3.org\/2000\/svg\" viewBox=\"0 0 512 512\" class=\"svg-inline--fa fa-chart-bar fa-w-16 fa-2x\"><path fill=\"currentColor\" d=\"M396.8 352h22.4c6.4 0 12.8-6.4 12.8-12.8V108.8c0-6.4-6.4-12.8-12.8-12.8h-22.4c-6.4 0-12.8 6.4-12.8 12.8v230.4c0 6.4 6.4 12.8 12.8 12.8zm-192 0h22.4c6.4 0 12.8-6.4 12.8-12.8V140.8c0-6.4-6.4-12.8-12.8-12.8h-22.4c-6.4 0-12.8 6.4-12.8 12.8v198.4c0 6.4 6.4 12.8 12.8 12.8zm96 0h22.4c6.4 0 12.8-6.4 12.8-12.8V204.8c0-6.4-6.4-12.8-12.8-12.8h-22.4c-6.4 0-12.8 6.4-12.8 12.8v134.4c0 6.4 6.4 12.8 12.8 12.8zM496 400H48V80c0-8.84-7.16-16-16-16H16C7.16 64 0 71.16 0 80v336c0 17.67 14.33 32 32 32h464c8.84 0 16-7.16 16-16v-16c0-8.84-7.16-16-16-16zm-387.2-48h22.4c6.4 0 12.8-6.4 12.8-12.8v-70.4c0-6.4-6.4-12.8-12.8-12.8h-22.4c-6.4 0-12.8 6.4-12.8 12.8v70.4c0 6.4 6.4 12.8 12.8 12.8z\" class=\"\"><\/path><\/svg><\/i> <img decoding=\"async\" width=\"16\" height=\"16\" alt=\"Loading\" src=\"https:\/\/www.seoceuta.es\/wordpress\/wp-content\/plugins\/page-views-count\/ajax-loader-2x.gif\" border=0 \/><\/p>\n<div class=\"pvc_clear\"><\/div>\n","protected":false},"excerpt":{"rendered":"<p>En el a\u00f1o 1998 se decidi\u00f3 por unanimidad de los<\/p>\n<div class=\"pvc_clear\"><\/div>\n<p id=\"pvc_stats_412\" class=\"pvc_stats all  \" data-element-id=\"412\" style=\"\"><i class=\"pvc-stats-icon medium\" aria-hidden=\"true\"><svg aria-hidden=\"true\" focusable=\"false\" data-prefix=\"far\" data-icon=\"chart-bar\" role=\"img\" xmlns=\"http:\/\/www.w3.org\/2000\/svg\" viewBox=\"0 0 512 512\" class=\"svg-inline--fa fa-chart-bar fa-w-16 fa-2x\"><path fill=\"currentColor\" d=\"M396.8 352h22.4c6.4 0 12.8-6.4 12.8-12.8V108.8c0-6.4-6.4-12.8-12.8-12.8h-22.4c-6.4 0-12.8 6.4-12.8 12.8v230.4c0 6.4 6.4 12.8 12.8 12.8zm-192 0h22.4c6.4 0 12.8-6.4 12.8-12.8V140.8c0-6.4-6.4-12.8-12.8-12.8h-22.4c-6.4 0-12.8 6.4-12.8 12.8v198.4c0 6.4 6.4 12.8 12.8 12.8zm96 0h22.4c6.4 0 12.8-6.4 12.8-12.8V204.8c0-6.4-6.4-12.8-12.8-12.8h-22.4c-6.4 0-12.8 6.4-12.8 12.8v134.4c0 6.4 6.4 12.8 12.8 12.8zM496 400H48V80c0-8.84-7.16-16-16-16H16C7.16 64 0 71.16 0 80v336c0 17.67 14.33 32 32 32h464c8.84 0 16-7.16 16-16v-16c0-8.84-7.16-16-16-16zm-387.2-48h22.4c6.4 0 12.8-6.4 12.8-12.8v-70.4c0-6.4-6.4-12.8-12.8-12.8h-22.4c-6.4 0-12.8 6.4-12.8 12.8v70.4c0 6.4 6.4 12.8 12.8 12.8z\" class=\"\"><\/path><\/svg><\/i> <img decoding=\"async\" width=\"16\" height=\"16\" alt=\"Loading\" src=\"https:\/\/www.seoceuta.es\/wordpress\/wp-content\/plugins\/page-views-count\/ajax-loader-2x.gif\" border=0 \/><\/p>\n<div class=\"pvc_clear\"><\/div>\n","protected":false},"author":1,"featured_media":0,"parent":0,"menu_order":0,"comment_status":"closed","ping_status":"closed","template":"","meta":{"advgb_blocks_editor_width":"","advgb_blocks_columns_visual_guide":"","ngg_post_thumbnail":0,"footnotes":""},"class_list":["post-412","page","type-page","status-publish","hentry"],"a3_pvc":{"activated":true,"total_views":0,"today_views":0},"coauthors":[],"author_meta":{"author_link":"https:\/\/www.seoceuta.es\/wordpress\/author\/ajcambelo\/","display_name":"SeoCeuta"},"relative_dates":{"created":"Publicado 10 a\u00f1os hace","modified":"Actualizado 1 a\u00f1o hace"},"absolute_dates":{"created":"Publicado el 19 de noviembre de 2015","modified":"Actualizado el 2 de febrero de 2025"},"absolute_dates_time":{"created":"Publicado el 19 de noviembre de 2015 23:09","modified":"Actualizado el 2 de febrero de 2025 01:40"},"featured_img_caption":"","featured_img":false,"series_order":"","_links":{"self":[{"href":"https:\/\/www.seoceuta.es\/wordpress\/wp-json\/wp\/v2\/pages\/412","targetHints":{"allow":["GET"]}}],"collection":[{"href":"https:\/\/www.seoceuta.es\/wordpress\/wp-json\/wp\/v2\/pages"}],"about":[{"href":"https:\/\/www.seoceuta.es\/wordpress\/wp-json\/wp\/v2\/types\/page"}],"author":[{"embeddable":true,"href":"https:\/\/www.seoceuta.es\/wordpress\/wp-json\/wp\/v2\/users\/1"}],"replies":[{"embeddable":true,"href":"https:\/\/www.seoceuta.es\/wordpress\/wp-json\/wp\/v2\/comments?post=412"}],"version-history":[{"count":3,"href":"https:\/\/www.seoceuta.es\/wordpress\/wp-json\/wp\/v2\/pages\/412\/revisions"}],"predecessor-version":[{"id":1330,"href":"https:\/\/www.seoceuta.es\/wordpress\/wp-json\/wp\/v2\/pages\/412\/revisions\/1330"}],"wp:attachment":[{"href":"https:\/\/www.seoceuta.es\/wordpress\/wp-json\/wp\/v2\/media?parent=412"}],"curies":[{"name":"wp","href":"https:\/\/api.w.org\/{rel}","templated":true}]}}