{"id":413,"date":"2015-11-20T08:43:49","date_gmt":"2015-11-20T07:43:49","guid":{"rendered":"https:\/\/seoceuta.es\/wordpress\/programa-paser-campana-2005-0\/"},"modified":"2025-01-26T23:44:21","modified_gmt":"2025-01-26T22:44:21","slug":"programa-paser-campana-2005-0","status":"publish","type":"page","link":"https:\/\/www.seoceuta.es\/wordpress\/programa-paser-campana-2005-0\/","title":{"rendered":"PROGRAMA PASER. CAMPA\u00d1A 2005."},"content":{"rendered":"\n<p>El grupo de anillamiento CHAGRA, entre el 10 de abril y el 20 de julio de 2005, ha realizado, por octavo a\u00f1o consecutivo, las jornadas de anillamiento correspondientes al programa PASER (Plan de Anillamiento para el Seguimiento de Especies Reproductoras).<\/p>\n\n\n\n<p>La estaci\u00f3n PASER de Ceuta est\u00e1 situada en el arroyo de Calamocarro, en la&nbsp; ZEPA (Zona de especial protecci\u00f3n para las aves) denominada Benz\u00fa-Calamocarro, realiz\u00e1ndose un seguimiento de la evoluci\u00f3n de la avifauna nidificante en esta important\u00edsima zona.<\/p>\n\n\n\n<p><strong>RESULTADOS<\/strong><\/p>\n\n\n\n<p>Durante la presente edici\u00f3n se han anillado\/controlado un total de 131 aves adultas y 168 j\u00f3venes (nacidos durante el presente a\u00f1o)(fig. n\u00ba 1), correspondientes a 19 especies diferentes.&nbsp;<\/p>\n\n\n\n<figure class=\"wp-block-image aligncenter size-full is-resized\"><img fetchpriority=\"high\" decoding=\"async\" width=\"844\" height=\"474\" src=\"https:\/\/www.seoceuta.es\/wordpress\/wp-content\/uploads\/2025\/01\/grafico-1-Paser-2005.jpg\" alt=\"Gr\u00e1fico 1 Paser 2005\" class=\"wp-image-1093\" style=\"width:525px;height:auto\" srcset=\"https:\/\/www.seoceuta.es\/wordpress\/wp-content\/uploads\/2025\/01\/grafico-1-Paser-2005.jpg 844w, https:\/\/www.seoceuta.es\/wordpress\/wp-content\/uploads\/2025\/01\/grafico-1-Paser-2005-300x168.jpg 300w, https:\/\/www.seoceuta.es\/wordpress\/wp-content\/uploads\/2025\/01\/grafico-1-Paser-2005-768x431.jpg 768w\" sizes=\"(max-width: 844px) 100vw, 844px\" \/><\/figure>\n\n\n\n<p>La poblaci\u00f3n reproductora sufri\u00f3 una alarmante y continua disminuci\u00f3n desde el a\u00f1o 1999 (264 adultos), afectando en el a\u00f1o 2003 al 70% de la misma (80 adultos).<\/p>\n\n\n\n<p>Durante el presente a\u00f1o, los adultos reproductores han incrementado sus efectivos en un 32% con respecto al a\u00f1o anterior, continuando as\u00ed la t\u00edmida recuperaci\u00f3n iniciada el a\u00f1o 2004. Actualmente la reducci\u00f3n alcanza el 51%, si tenemos como referencia de partida el a\u00f1o 1999.<\/p>\n\n\n\n<p>Las especies m\u00e1s beneficiadas han sido el Ruise\u00f1or com\u00fan, el Pinz\u00f3n vulgar y el Verdecillo.<\/p>\n\n\n\n<p>El Herrerillo com\u00fan, la Curruca cebecinegra y el Verder\u00f3n com\u00fan han mermado ligeramente.<\/p>\n\n\n\n<p>Se&nbsp; han capturado un Mosquitero ib\u00e9rico, y un L\u00fagano, especies que no se capturaban desde el a\u00f1o 1999, asimismo se ha capturado el primer Piquituerto, un joven del a\u00f1o.&nbsp;<\/p>\n\n\n\n<p>La productividad (porcentaje de aves j\u00f3venes nacidos en el a\u00f1o&nbsp; con respecto a los adultos) se mantiene estable (fig. n\u00ba 2). La tasa de recuperaci\u00f3n de aves adultas ha sido inferior a la media (fig. n\u00ba 3).<\/p>\n\n\n\n<figure class=\"wp-block-image aligncenter size-full is-resized\"><img decoding=\"async\" width=\"868\" height=\"477\" src=\"https:\/\/www.seoceuta.es\/wordpress\/wp-content\/uploads\/2025\/01\/grafico-2-Paser-2005.jpg\" alt=\"Gr\u00e1fico 2 Paser 2005\" class=\"wp-image-1094\" style=\"width:519px;height:auto\" srcset=\"https:\/\/www.seoceuta.es\/wordpress\/wp-content\/uploads\/2025\/01\/grafico-2-Paser-2005.jpg 868w, https:\/\/www.seoceuta.es\/wordpress\/wp-content\/uploads\/2025\/01\/grafico-2-Paser-2005-300x165.jpg 300w, https:\/\/www.seoceuta.es\/wordpress\/wp-content\/uploads\/2025\/01\/grafico-2-Paser-2005-768x422.jpg 768w\" sizes=\"(max-width: 868px) 100vw, 868px\" \/><\/figure>\n\n\n\n<figure class=\"wp-block-image aligncenter size-full is-resized\"><img decoding=\"async\" width=\"842\" height=\"472\" src=\"https:\/\/www.seoceuta.es\/wordpress\/wp-content\/uploads\/2025\/01\/grafico-3-Paser-2005.jpg\" alt=\"Gr\u00e1fico 3 Paser 2005\" class=\"wp-image-1095\" style=\"width:514px;height:auto\" srcset=\"https:\/\/www.seoceuta.es\/wordpress\/wp-content\/uploads\/2025\/01\/grafico-3-Paser-2005.jpg 842w, https:\/\/www.seoceuta.es\/wordpress\/wp-content\/uploads\/2025\/01\/grafico-3-Paser-2005-300x168.jpg 300w, https:\/\/www.seoceuta.es\/wordpress\/wp-content\/uploads\/2025\/01\/grafico-3-Paser-2005-768x431.jpg 768w\" sizes=\"(max-width: 842px) 100vw, 842px\" \/><\/figure>\n\n\n\n<p><strong>CONCLUSIONES<\/strong><\/p>\n\n\n\n<p>Este ligero incremento de la poblaci\u00f3n confirma la tendencia al alza observada en el a\u00f1o 2004, a\u00f1o que supuso un punto de inflexi\u00f3n en la tendencia negativa que se manten\u00eda desde el a\u00f1o 99.<\/p>\n\n\n\n<p>La proporci\u00f3n alcanzada contin\u00faa siendo&nbsp;baja (49%), existiendo especies que a\u00fan no se han recuperado en absoluto, principalmente el Pinz\u00f3n vulgar, y el Verdecillo, especies que tradicionalmente han sido las mayoritarias.<\/p>\n\n\n\n<p>Se vuelve a apuntar las causas de la recuperaci\u00f3n a la disminuci\u00f3n&nbsp; del ganado suelto, aunque la actividad de motoristas incontrolados sigue produci\u00e9ndose.&nbsp;<\/p>\n\n\n\n<p><\/p>\n<div class=\"pvc_clear\"><\/div><p id=\"pvc_stats_413\" class=\"pvc_stats all  \" data-element-id=\"413\" style=\"\"><i class=\"pvc-stats-icon medium\" aria-hidden=\"true\"><svg aria-hidden=\"true\" focusable=\"false\" data-prefix=\"far\" data-icon=\"chart-bar\" role=\"img\" xmlns=\"http:\/\/www.w3.org\/2000\/svg\" viewBox=\"0 0 512 512\" class=\"svg-inline--fa fa-chart-bar fa-w-16 fa-2x\"><path fill=\"currentColor\" d=\"M396.8 352h22.4c6.4 0 12.8-6.4 12.8-12.8V108.8c0-6.4-6.4-12.8-12.8-12.8h-22.4c-6.4 0-12.8 6.4-12.8 12.8v230.4c0 6.4 6.4 12.8 12.8 12.8zm-192 0h22.4c6.4 0 12.8-6.4 12.8-12.8V140.8c0-6.4-6.4-12.8-12.8-12.8h-22.4c-6.4 0-12.8 6.4-12.8 12.8v198.4c0 6.4 6.4 12.8 12.8 12.8zm96 0h22.4c6.4 0 12.8-6.4 12.8-12.8V204.8c0-6.4-6.4-12.8-12.8-12.8h-22.4c-6.4 0-12.8 6.4-12.8 12.8v134.4c0 6.4 6.4 12.8 12.8 12.8zM496 400H48V80c0-8.84-7.16-16-16-16H16C7.16 64 0 71.16 0 80v336c0 17.67 14.33 32 32 32h464c8.84 0 16-7.16 16-16v-16c0-8.84-7.16-16-16-16zm-387.2-48h22.4c6.4 0 12.8-6.4 12.8-12.8v-70.4c0-6.4-6.4-12.8-12.8-12.8h-22.4c-6.4 0-12.8 6.4-12.8 12.8v70.4c0 6.4 6.4 12.8 12.8 12.8z\" class=\"\"><\/path><\/svg><\/i> <img loading=\"lazy\" decoding=\"async\" width=\"16\" height=\"16\" alt=\"Loading\" src=\"https:\/\/www.seoceuta.es\/wordpress\/wp-content\/plugins\/page-views-count\/ajax-loader-2x.gif\" border=0 \/><\/p><div class=\"pvc_clear\"><\/div>","protected":false},"excerpt":{"rendered":"<p>El grupo de anillamiento CHAGRA, entre el 10 de abril<\/p>\n<div class=\"pvc_clear\"><\/div>\n<p id=\"pvc_stats_413\" class=\"pvc_stats all  \" data-element-id=\"413\" style=\"\"><i class=\"pvc-stats-icon medium\" aria-hidden=\"true\"><svg aria-hidden=\"true\" focusable=\"false\" data-prefix=\"far\" data-icon=\"chart-bar\" role=\"img\" xmlns=\"http:\/\/www.w3.org\/2000\/svg\" viewBox=\"0 0 512 512\" class=\"svg-inline--fa fa-chart-bar fa-w-16 fa-2x\"><path fill=\"currentColor\" d=\"M396.8 352h22.4c6.4 0 12.8-6.4 12.8-12.8V108.8c0-6.4-6.4-12.8-12.8-12.8h-22.4c-6.4 0-12.8 6.4-12.8 12.8v230.4c0 6.4 6.4 12.8 12.8 12.8zm-192 0h22.4c6.4 0 12.8-6.4 12.8-12.8V140.8c0-6.4-6.4-12.8-12.8-12.8h-22.4c-6.4 0-12.8 6.4-12.8 12.8v198.4c0 6.4 6.4 12.8 12.8 12.8zm96 0h22.4c6.4 0 12.8-6.4 12.8-12.8V204.8c0-6.4-6.4-12.8-12.8-12.8h-22.4c-6.4 0-12.8 6.4-12.8 12.8v134.4c0 6.4 6.4 12.8 12.8 12.8zM496 400H48V80c0-8.84-7.16-16-16-16H16C7.16 64 0 71.16 0 80v336c0 17.67 14.33 32 32 32h464c8.84 0 16-7.16 16-16v-16c0-8.84-7.16-16-16-16zm-387.2-48h22.4c6.4 0 12.8-6.4 12.8-12.8v-70.4c0-6.4-6.4-12.8-12.8-12.8h-22.4c-6.4 0-12.8 6.4-12.8 12.8v70.4c0 6.4 6.4 12.8 12.8 12.8z\" class=\"\"><\/path><\/svg><\/i> <img loading=\"lazy\" decoding=\"async\" width=\"16\" height=\"16\" alt=\"Loading\" src=\"https:\/\/www.seoceuta.es\/wordpress\/wp-content\/plugins\/page-views-count\/ajax-loader-2x.gif\" border=0 \/><\/p>\n<div class=\"pvc_clear\"><\/div>\n","protected":false},"author":1,"featured_media":0,"parent":0,"menu_order":0,"comment_status":"closed","ping_status":"closed","template":"","meta":{"advgb_blocks_editor_width":"","advgb_blocks_columns_visual_guide":"","ngg_post_thumbnail":0,"footnotes":""},"class_list":["post-413","page","type-page","status-publish","hentry"],"a3_pvc":{"activated":true,"total_views":0,"today_views":0},"coauthors":[],"author_meta":{"author_link":"https:\/\/www.seoceuta.es\/wordpress\/author\/ajcambelo\/","display_name":"SeoCeuta"},"relative_dates":{"created":"Publicado 10 a\u00f1os hace","modified":"Actualizado 1 a\u00f1o hace"},"absolute_dates":{"created":"Publicado el 20 de noviembre de 2015","modified":"Actualizado el 26 de enero de 2025"},"absolute_dates_time":{"created":"Publicado el 20 de noviembre de 2015 08:43","modified":"Actualizado el 26 de enero de 2025 23:44"},"featured_img_caption":"","featured_img":false,"series_order":"","_links":{"self":[{"href":"https:\/\/www.seoceuta.es\/wordpress\/wp-json\/wp\/v2\/pages\/413","targetHints":{"allow":["GET"]}}],"collection":[{"href":"https:\/\/www.seoceuta.es\/wordpress\/wp-json\/wp\/v2\/pages"}],"about":[{"href":"https:\/\/www.seoceuta.es\/wordpress\/wp-json\/wp\/v2\/types\/page"}],"author":[{"embeddable":true,"href":"https:\/\/www.seoceuta.es\/wordpress\/wp-json\/wp\/v2\/users\/1"}],"replies":[{"embeddable":true,"href":"https:\/\/www.seoceuta.es\/wordpress\/wp-json\/wp\/v2\/comments?post=413"}],"version-history":[{"count":1,"href":"https:\/\/www.seoceuta.es\/wordpress\/wp-json\/wp\/v2\/pages\/413\/revisions"}],"predecessor-version":[{"id":1096,"href":"https:\/\/www.seoceuta.es\/wordpress\/wp-json\/wp\/v2\/pages\/413\/revisions\/1096"}],"wp:attachment":[{"href":"https:\/\/www.seoceuta.es\/wordpress\/wp-json\/wp\/v2\/media?parent=413"}],"curies":[{"name":"wp","href":"https:\/\/api.w.org\/{rel}","templated":true}]}}