{"id":983,"date":"2025-01-24T08:50:28","date_gmt":"2025-01-24T07:50:28","guid":{"rendered":"https:\/\/seoceuta.es\/wordpress\/?page_id=983"},"modified":"2025-01-24T09:00:12","modified_gmt":"2025-01-24T08:00:12","slug":"el-medio-natural-ceuti","status":"publish","type":"page","link":"https:\/\/www.seoceuta.es\/wordpress\/el-medio-natural-ceuti\/","title":{"rendered":"EL MEDIO NATURAL CEUT\u00cd"},"content":{"rendered":"\n<p>Situado en el Estrecho de Gibraltar, en la uni\u00f3n de de Europa y Africa, punto de contacto del Oceano Atl\u00e1ntico y el mar Mediterr\u00e1neo, Ceuta es una minuscula pen\u00ednsula que se extiende hacia el Este (siguiendo un imaginario eje Oeste-Este), en el vertice nororiental de la Pen\u00ednsula Tingitana, siendo su latitud L 35\u00ba 55\u00b4 N y la longitud L 5\u00ba 20\u00b4 W.<\/p>\n\n\n\n<p>Su costa norte, frente al sur de la Pen\u00ednsula Ib\u00e9rica, esta ba\u00f1ada por el Oceano Atl\u00e1ntico y es rocosa con n\u00famerosos arrecifes. En el Este, se convierte en escarpada, con peque\u00f1os acantilados. Al sur, ba\u00f1adas por el Mediterraneo su costa esta formada por playas. La longitud total de la costa es de 29 Kms. siendo aproximadamente la mitad rocosos y el resto esta formado por playas naturales o artificiales.<\/p>\n\n\n\n<p>Las playas naturales, son estrechas y cortas, estando formadas por elementos de gruesa granulometr\u00eda, resultado de caprichosa dispersi\u00f3n o acumulaci\u00f3n de los sedimentos bajo la acci\u00f3n del oleja y las corrientes.<\/p>\n\n\n\n<p>El relieve se ve dominado por las estribaciones de Sierra Bullones, que dan lugar en la zona occidental a un relieve ligeramente monta\u00f1oso, las cotas mas relevantes son el Monte de Anyera (349 m.), Loma de Isabel II (330 m.) y Monte del Renegado (329 m.) en el lado Este, el Monte Hacho (204 m.)<\/p>\n\n\n\n<p>Los cursos de agua de r\u00e9gimen pluvial, siguen la tipolog\u00eda de las cuencas mediterr\u00e1neas t\u00edpicas con un marcado caracter estacional.<\/p>\n\n\n\n<p>Tienen pues, una marcada fluctuaci\u00f3n en su caudal, siendo en epocas estivales muy bajo o inexistente. Los mas importantes son: el Arroyo de las Bombas, el Arroyo de Calamocarro, el Arroyo del Infierno y el del Renegado. Los aportes h\u00eddricos de estos dos \u00faltimos son recogidos por su respectivo embalse.<\/p>\n\n\n\n<figure class=\"wp-block-image aligncenter\"><img fetchpriority=\"high\" decoding=\"async\" width=\"350\" height=\"262\" src=\"https:\/\/seoceuta.es\/wordpress\/wp-content\/uploads\/2025\/01\/embalse20infierno.jpg\" alt=\"\" class=\"wp-image-985\" srcset=\"https:\/\/www.seoceuta.es\/wordpress\/wp-content\/uploads\/2025\/01\/embalse20infierno.jpg 350w, https:\/\/www.seoceuta.es\/wordpress\/wp-content\/uploads\/2025\/01\/embalse20infierno-300x225.jpg 300w\" sizes=\"(max-width: 350px) 100vw, 350px\" \/><\/figure>\n\n\n\n<p>El clima de Ceuta, se corresponde con el denominado templado c\u00e1lido propio del \u00e1mbito mediterr\u00e1neo, con lluvias fuera del periodo estival, lo que origina un verano seco y c\u00e1lido, e inviernos generalmente con temperaturas suaves. Como t\u00e9rmino medio las precipitaciones anuales se situan en los 785 mm. siendo aproximadamente las tres cuartas partes en los meses de Noviembre a Enero. Por otro lado la humedad relativa es alta siendo la media anual de un 72% del grado de saturaci\u00f3n.<\/p>\n\n\n\n<p>En cuanto a los vientos, predominan los de direcci\u00f3n Este-Oeste.<\/p>\n\n\n\n<p>La fuerte influencia que ha ejercido el hombre durante siglos en la vegetaci\u00f3n el territorio de Ceuta ha sido grande, la elevada densidad de poblaci\u00f3n ha modificado profundamente la vegetaci\u00f3n natural. As\u00ed en el pasado siglo desapareci\u00f3 el 96 % del alcornocal, que seg\u00fan parece predominaba en la zona continental, siendo sustituido por plantaciones de Pinus halepensis, Pinus pinea o las mas desafortunadas con Eucaliptos de las especies&nbsp;<em>Eucalyptus rostrata<\/em>,&nbsp;<em>Eucalyptus camaldulensis<\/em>&nbsp;y&nbsp;<em>Eucalyptus globulus<\/em>.<\/p>\n\n\n\n<p>En la zona del Monte Hacho la vegetaci\u00f3n existente conserva los restos del alcornocal primitivo, muy aclarado, donde se han repoblado&nbsp;<em>Pinus<\/em>&nbsp;y&nbsp;<em>Eucalyptus<\/em>, esta asociaci\u00f3n de plantas se podia denominar como&nbsp;<em>Myrto-Quercetum suberis&nbsp;<\/em>degradado, sustituido por un jaral casi puro de&nbsp;<em>Cistus ladanifer<\/em>, en su extremo Oeste.&nbsp;<em>Genista linifolia<\/em>&nbsp;en las zonas mas castigadas por el viento.&nbsp;<em>Calicotome villosa<\/em>&nbsp;en las zonas de mas exposici\u00f3n solar y un espartal de&nbsp;<em>Hiparrhenia hirta<\/em>&nbsp;en la zona mas degradada.<\/p>\n\n\n\n<figure class=\"wp-block-image aligncenter\"><img decoding=\"async\" width=\"350\" height=\"262\" src=\"https:\/\/seoceuta.es\/wordpress\/wp-content\/uploads\/2025\/01\/monte20san20amaro.jpg\" alt=\"Arroyo de San Amaro\" class=\"wp-image-987\" srcset=\"https:\/\/www.seoceuta.es\/wordpress\/wp-content\/uploads\/2025\/01\/monte20san20amaro.jpg 350w, https:\/\/www.seoceuta.es\/wordpress\/wp-content\/uploads\/2025\/01\/monte20san20amaro-300x225.jpg 300w\" sizes=\"(max-width: 350px) 100vw, 350px\" \/><\/figure>\n\n\n\n<p>En la zona Oeste, las laderas orientadas al Noroeste, aparece un alcornocal aclarado con las especies&nbsp;<em>Genista tridens<\/em>,&nbsp;<em>Stauracanthus boivinii<\/em>&nbsp;y&nbsp;<em>Calicotome villosa<\/em>. La vertiente Norte, se encuentra cubierta por matorral bajo poco denso y donde predominan las&nbsp;<em>Cist\u00e1ceas<\/em>&nbsp;con especies como&nbsp;<em>Cistus crispus, Cistus monspeliensis, Stauracanthus boivinii<\/em>&nbsp;y&nbsp;<em>Drosophilletum lusitanicae,&nbsp;<\/em>que pueden considerarse como fases mas degradadas del primitivo alcornocal. Por ultimo en la vertiente sur, encontramos asociaciones vegetales de la clase&nbsp;<em>Cisto-Lavanduletea<\/em>&nbsp;con formaciones de matorral escaso, destacando por su abundancia&nbsp;<em>Cistus crispus, Chamaerops humilis<\/em>y&nbsp;<em>Lavandula stoechas<\/em>.<\/p>\n\n\n\n<figure class=\"wp-block-image aligncenter\"><img decoding=\"async\" width=\"350\" height=\"262\" src=\"https:\/\/seoceuta.es\/wordpress\/wp-content\/uploads\/2025\/01\/jara.jpg\" alt=\"Cistus ladanifer\" class=\"wp-image-986\" srcset=\"https:\/\/www.seoceuta.es\/wordpress\/wp-content\/uploads\/2025\/01\/jara.jpg 350w, https:\/\/www.seoceuta.es\/wordpress\/wp-content\/uploads\/2025\/01\/jara-300x225.jpg 300w\" sizes=\"(max-width: 350px) 100vw, 350px\" \/><\/figure>\n\n\n\n<figure class=\"wp-block-image aligncenter\"><img loading=\"lazy\" decoding=\"async\" width=\"350\" height=\"466\" src=\"https:\/\/seoceuta.es\/wordpress\/wp-content\/uploads\/2025\/01\/alcornoque.jpg\" alt=\"\" class=\"wp-image-988\" srcset=\"https:\/\/www.seoceuta.es\/wordpress\/wp-content\/uploads\/2025\/01\/alcornoque.jpg 350w, https:\/\/www.seoceuta.es\/wordpress\/wp-content\/uploads\/2025\/01\/alcornoque-225x300.jpg 225w\" sizes=\"(max-width: 350px) 100vw, 350px\" \/><\/figure>\n\n\n\n<p><\/p>\n<div class=\"pvc_clear\"><\/div><p id=\"pvc_stats_983\" class=\"pvc_stats all  \" data-element-id=\"983\" style=\"\"><i class=\"pvc-stats-icon medium\" aria-hidden=\"true\"><svg aria-hidden=\"true\" focusable=\"false\" data-prefix=\"far\" data-icon=\"chart-bar\" role=\"img\" xmlns=\"http:\/\/www.w3.org\/2000\/svg\" viewBox=\"0 0 512 512\" class=\"svg-inline--fa fa-chart-bar fa-w-16 fa-2x\"><path fill=\"currentColor\" d=\"M396.8 352h22.4c6.4 0 12.8-6.4 12.8-12.8V108.8c0-6.4-6.4-12.8-12.8-12.8h-22.4c-6.4 0-12.8 6.4-12.8 12.8v230.4c0 6.4 6.4 12.8 12.8 12.8zm-192 0h22.4c6.4 0 12.8-6.4 12.8-12.8V140.8c0-6.4-6.4-12.8-12.8-12.8h-22.4c-6.4 0-12.8 6.4-12.8 12.8v198.4c0 6.4 6.4 12.8 12.8 12.8zm96 0h22.4c6.4 0 12.8-6.4 12.8-12.8V204.8c0-6.4-6.4-12.8-12.8-12.8h-22.4c-6.4 0-12.8 6.4-12.8 12.8v134.4c0 6.4 6.4 12.8 12.8 12.8zM496 400H48V80c0-8.84-7.16-16-16-16H16C7.16 64 0 71.16 0 80v336c0 17.67 14.33 32 32 32h464c8.84 0 16-7.16 16-16v-16c0-8.84-7.16-16-16-16zm-387.2-48h22.4c6.4 0 12.8-6.4 12.8-12.8v-70.4c0-6.4-6.4-12.8-12.8-12.8h-22.4c-6.4 0-12.8 6.4-12.8 12.8v70.4c0 6.4 6.4 12.8 12.8 12.8z\" class=\"\"><\/path><\/svg><\/i> <img loading=\"lazy\" decoding=\"async\" width=\"16\" height=\"16\" alt=\"Loading\" src=\"https:\/\/www.seoceuta.es\/wordpress\/wp-content\/plugins\/page-views-count\/ajax-loader-2x.gif\" border=0 \/><\/p><div class=\"pvc_clear\"><\/div>","protected":false},"excerpt":{"rendered":"<p>Situado en el Estrecho de Gibraltar, en la uni\u00f3n de<\/p>\n<div class=\"pvc_clear\"><\/div>\n<p id=\"pvc_stats_983\" class=\"pvc_stats all  \" data-element-id=\"983\" style=\"\"><i class=\"pvc-stats-icon medium\" aria-hidden=\"true\"><svg aria-hidden=\"true\" focusable=\"false\" data-prefix=\"far\" data-icon=\"chart-bar\" role=\"img\" xmlns=\"http:\/\/www.w3.org\/2000\/svg\" viewBox=\"0 0 512 512\" class=\"svg-inline--fa fa-chart-bar fa-w-16 fa-2x\"><path fill=\"currentColor\" d=\"M396.8 352h22.4c6.4 0 12.8-6.4 12.8-12.8V108.8c0-6.4-6.4-12.8-12.8-12.8h-22.4c-6.4 0-12.8 6.4-12.8 12.8v230.4c0 6.4 6.4 12.8 12.8 12.8zm-192 0h22.4c6.4 0 12.8-6.4 12.8-12.8V140.8c0-6.4-6.4-12.8-12.8-12.8h-22.4c-6.4 0-12.8 6.4-12.8 12.8v198.4c0 6.4 6.4 12.8 12.8 12.8zm96 0h22.4c6.4 0 12.8-6.4 12.8-12.8V204.8c0-6.4-6.4-12.8-12.8-12.8h-22.4c-6.4 0-12.8 6.4-12.8 12.8v134.4c0 6.4 6.4 12.8 12.8 12.8zM496 400H48V80c0-8.84-7.16-16-16-16H16C7.16 64 0 71.16 0 80v336c0 17.67 14.33 32 32 32h464c8.84 0 16-7.16 16-16v-16c0-8.84-7.16-16-16-16zm-387.2-48h22.4c6.4 0 12.8-6.4 12.8-12.8v-70.4c0-6.4-6.4-12.8-12.8-12.8h-22.4c-6.4 0-12.8 6.4-12.8 12.8v70.4c0 6.4 6.4 12.8 12.8 12.8z\" class=\"\"><\/path><\/svg><\/i> <img loading=\"lazy\" decoding=\"async\" width=\"16\" height=\"16\" alt=\"Loading\" src=\"https:\/\/www.seoceuta.es\/wordpress\/wp-content\/plugins\/page-views-count\/ajax-loader-2x.gif\" border=0 \/><\/p>\n<div class=\"pvc_clear\"><\/div>\n","protected":false},"author":1,"featured_media":985,"parent":0,"menu_order":0,"comment_status":"closed","ping_status":"closed","template":"","meta":{"advgb_blocks_editor_width":"","advgb_blocks_columns_visual_guide":"","ngg_post_thumbnail":0,"footnotes":""},"class_list":["post-983","page","type-page","status-publish","has-post-thumbnail","hentry"],"a3_pvc":{"activated":true,"total_views":1,"today_views":1},"coauthors":[],"author_meta":{"author_link":"https:\/\/www.seoceuta.es\/wordpress\/author\/ajcambelo\/","display_name":"SeoCeuta"},"relative_dates":{"created":"Publicado 1 a\u00f1o hace","modified":"Actualizado 1 a\u00f1o hace"},"absolute_dates":{"created":"Publicado el 24 de enero de 2025","modified":"Actualizado el 24 de enero de 2025"},"absolute_dates_time":{"created":"Publicado el 24 de enero de 2025 08:50","modified":"Actualizado el 24 de enero de 2025 09:00"},"featured_img_caption":"","featured_img":"https:\/\/www.seoceuta.es\/wordpress\/wp-content\/uploads\/2025\/01\/embalse20infierno.jpg","series_order":"","_links":{"self":[{"href":"https:\/\/www.seoceuta.es\/wordpress\/wp-json\/wp\/v2\/pages\/983","targetHints":{"allow":["GET"]}}],"collection":[{"href":"https:\/\/www.seoceuta.es\/wordpress\/wp-json\/wp\/v2\/pages"}],"about":[{"href":"https:\/\/www.seoceuta.es\/wordpress\/wp-json\/wp\/v2\/types\/page"}],"author":[{"embeddable":true,"href":"https:\/\/www.seoceuta.es\/wordpress\/wp-json\/wp\/v2\/users\/1"}],"replies":[{"embeddable":true,"href":"https:\/\/www.seoceuta.es\/wordpress\/wp-json\/wp\/v2\/comments?post=983"}],"version-history":[{"count":1,"href":"https:\/\/www.seoceuta.es\/wordpress\/wp-json\/wp\/v2\/pages\/983\/revisions"}],"predecessor-version":[{"id":989,"href":"https:\/\/www.seoceuta.es\/wordpress\/wp-json\/wp\/v2\/pages\/983\/revisions\/989"}],"wp:featuredmedia":[{"embeddable":true,"href":"https:\/\/www.seoceuta.es\/wordpress\/wp-json\/wp\/v2\/media\/985"}],"wp:attachment":[{"href":"https:\/\/www.seoceuta.es\/wordpress\/wp-json\/wp\/v2\/media?parent=983"}],"curies":[{"name":"wp","href":"https:\/\/api.w.org\/{rel}","templated":true}]}}